Suppose g + 2 = 2*t. What are the prime factors of 4/16 + 30/t?
2
Suppose 8*i - 729 + 17 = 0. What are the prime factors of i?
89
Let h be (0 + 0)/(1 - 0). Let w = h - -5. Suppose 6 = -4*y + w*y. List the prime factors of y.
2, 3
Let z = -52 - -95. List the prime factors of z.
43
Let y(p) = 0*p**2 + 2*p**2 + 46*p**3 - 2*p**2. What are the prime factors of y(1)?
2, 23
Suppose -8*a + 3*a + 1080 = 0. List the prime factors of a.
2, 3
Let i(x) be the first derivative of x**2/2 - 3*x + 1. Let u be i(5). Suppose -v = -3*g + 19, u*g - 6*v - 4 = -v. What are the prime factors of g?
7
List the prime factors of ((-11)/1)/(7/(-7)).
11
Suppose 4*s - 5*v = 27, 0 = -s - 2*v - 0*v - 3. Suppose 3*u - 4*j = 21, s*u - j = 4*u. Suppose -24 = -u*r - r. What are the prime factors of r?
2, 3
List the prime factors of (-5720)/(-78)*(2 + 1).
2, 5, 11
Let w = 76 - 20. List the prime factors of w.
2, 7
Let h be 10/4*6/5. Suppose 0 = -4*j - 5*a + 8, 0*a - 12 = h*a. What are the prime factors of j?
7
Let b(x) = x**3 - 9*x**2 - 10*x - 5. Let s be b(10). Let l be (8 + -9)/((-1)/s). Let z = l + 12. What are the prime factors of z?
7
Let l = 4 - 1. Suppose 0 = -4*x + 2*c + 2, x - 4*c - 12 = -l*x. List the prime factors of 16/9 + x/(-9).
2
Let k(f) = -f**3 + 5*f**2 + 1. List the prime factors of k(4).
17
Let z(r) = 18*r**2 + 12 - 17*r**2 + 1 - 9*r. What are the prime factors of z(10)?
23
Let i be (12/15)/(1/(-10)). What are the prime factors of i/28 + 662/14?
47
Let o(g) = -g**2. Let y(b) = 2*b**2 - 3*b - 2. Let n(s) = 3*o(s) + y(s). Let w(l) be the first derivative of n(l). List the prime factors of w(-7).
11
Let f = 2 - 0. Suppose 3*l - f*p = 26, p - 21 = -2*l + 6*p. List the prime factors of l.
2
Let c = 22 + -14. Suppose -3*q = q - c. Suppose 12 = 2*t + 2, -q*l = -5*t + 17. What are the prime factors of l?
2
Let j(i) = -i + 4. Let g be j(-7). Suppose -3*n + 28 + g = 5*v, 0 = -n - 2*v + 13. What are the prime factors of n?
13
Let i = 6 - 0. List the prime factors of ((-231)/i)/(-7)*6.
3, 11
Let p = -8 - -26. List the prime factors of p.
2, 3
What are the prime factors of (8/16)/((-3)/(-612))?
2, 3, 17
Suppose 6 = -5*d + 2*d. Let o be 4 + d + 1 + -2. Suppose -i = -2 - o. What are the prime factors of i?
3
Let r(z) = -z**2 + 4*z**2 - 4*z**2 - 7*z + 1. Suppose 2*n - 5 = v - 0, 15 = -3*v + 4*n. List the prime factors of r(v).
11
Let z be -3 + (-6)/(2 - 0). Let i(g) = g**3 + 6*g**2 - 5*g + 4. List the prime factors of i(z).
2, 17
Suppose 41 = x + 9. What are the prime factors of x?
2
Let y = 10 + -8. Suppose -y*b - 64 = -4*b. What are the prime factors of b?
2
Let l = 6 - 10. Let q(v) = v**3 + 4*v**2 - 2*v - 1. Let p be q(l). Suppose p = 5*t - 93. List the prime factors of t.
2, 5
Let u(o) = -o**2 - 7*o + 7. Let l be u(-9). Let t = l - -19. List the prime factors of t.
2
Let s = -2 - -2. Suppose s = f - 6*f + 40. Suppose -4*m = -f, 0 = u - 3*m + 5*m - 19. What are the prime factors of u?
3, 5
Let a(o) = o**3 - 10*o**2 + 4*o + 4. What are the prime factors of a(10)?
2, 11
Suppose v - 2*v - 5 = -g, -4*g + 20 = 0. Suppose -4 = -a, v = -2*d - a + 8 + 4. Suppose d*l - 63 - 21 = 0. What are the prime factors of l?
3, 7
Let o = 35 - -3. List the prime factors of o.
2, 19
Let t(h) = -6*h + 4. List the prime factors of t(0).
2
Let y(f) = 10*f**3 + f**2 - 1. What are the prime factors of y(1)?
2, 5
Let v be 128/(-9) - 4/(-18). Let z be 2/5 + v/10. What are the prime factors of z/((2/(-8))/1)?
2
Suppose -3*c = -q - 7, 4*c - 2*q + 0*q = 10. What are the prime factors of 748/77 + c/7?
2, 5
Let k(v) = -v - 1. Let i(w) = -8*w - 8. Let p(j) = i(j) - 12*k(j). What are the prime factors of p(5)?
2, 3
What are the prime factors of (38/(-57))/((-4 + 2)/510)?
2, 5, 17
Suppose 147 = 2*t + 3. List the prime factors of t.
2, 3
Let q = 0 + 1. Suppose 0*r + q = -r. What are the prime factors of 10/(2 + (r - -1))?
5
Let q(s) = -3*s - 17. Let c be q(-7). Let y(m) = m**2 - 4. List the prime factors of y(c).
2, 3
Let i = 56 - 37. Let o = -12 + i. List the prime factors of o.
7
Let z(u) = 3*u**2 - 3*u + 3. Let b be (8/(-6))/(-4)*6. List the prime factors of z(b).
3
What are the prime factors of (-2275)/(-13) + (-1 - (0 + -1))?
5, 7
Let t(s) = -2*s - 9. Let n be t(-7). Suppose 2*f - j - 7 = 28, -f + 23 = n*j. List the prime factors of f.
2, 3
Let n be (-3)/(1 + -4)*6. Suppose 11*l - n*l = 75. What are the prime factors of l?
3, 5
Let y(g) = 4*g - 2. Let o be y(-1). Let i = 10 + o. What are the prime factors of i?
2
Let s(p) = -p**2 - 6*p - 2. Let h be s(-5). Suppose h*f + 5 = 44. What are the prime factors of f?
13
List the prime factors of 2/1 + (-5)/(5/(-226)).
2, 3, 19
Suppose -2*x + x - 5 = 0. Let c(g) = g**2 + 5*g + 4. Let k be c(x). What are the prime factors of 3*k*2/6?
2
Suppose 16 = n - 2*i, 1 = -4*n - i + 29. Let z(c) = -2*c + 12. Let w be z(n). List the prime factors of w/2*(-10)/4.
5
Suppose -f = -4*v + 222, 3*v - 2*f = -0*v + 164. List the prime factors of v.
2, 7
List the prime factors of (-506)/(-9) + (-8)/36.
2, 7
Let l(q) = q**3 + 8*q**2 + 3*q + 7. Let z be l(-8). Let p be (2 + 0)*108/8. Let n = p + z. What are the prime factors of n?
2, 5
Let p = 8 + -3. Let x = p + 5. What are the prime factors of x?
2, 5
List the prime factors of 45/(-6)*2/(-3).
5
List the prime factors of 0 + 9 - (1 + 2).
2, 3
Suppose 0 = -2*c - 0*c. Let a = c + 4. List the prime factors of a.
2
Suppose b - 5*b = 0. Let q = 9 - b. What are the prime factors of q?
3
Suppose 140 = 2*d + 2*d - 2*j, 2*d - 3*j - 78 = 0. Let k = d - 15. What are the prime factors of k?
2, 3
Suppose 0 = -5*a + 4*j - 48, -5*j + 3*j = 3*a + 20. List the prime factors of 39 - -5*a/20.
37
Let g = -16 + 27. Let m(d) = d**2 - 10*d + 1. What are the prime factors of m(g)?
2, 3
Let u(q) = 4*q + 3. Let s(j) = 4*j + 3. Let x(i) = -3*s(i) + 2*u(i). List the prime factors of x(-2).
5
Let l(b) = -b**3 - 7*b**2 + 10*b - 9. Let a be l(-9). Suppose -4*i + 132 = 5*x, 3*x = 3*i - 0*i + a. List the prime factors of x.
2, 3
Let v = 53 + 9. List the prime factors of v.
2, 31
Suppose 0 = -2*d - 2*d. Suppose d = 17*q - 13*q - 36. List the prime factors of q.
3
Let r = -50 - -88. List the prime factors of r.
2, 19
Let a = 5 + -6. List the prime factors of (0/(-2) + -14)*a.
2, 7
Suppose -25*b + 27*b - 252 = 0. List the prime factors of b.
2, 3, 7
Let v(t) be the first derivative of -7*t**2/2 + 5*t - 2. Let c be v(4). Let p = 35 + c. List the prime factors of p.
2, 3
Suppose -4*d - 10*g + 726 = -8*g, d + 5*g = 159. What are the prime factors of d?
2, 23
Let n(o) = 3*o. List the prime factors of n(16).
2, 3
Suppose 2*n = 2*p + 64, 2*n = -5*p - 13 + 91. List the prime factors of n.
2, 17
Let h be (-3 + 0)*10/(-30). What are the prime factors of h + 1 + 6 + -6?
2
Let r(g) = -4*g**2 - 7*g + 4*g**2 - 1 - g**2 + g. Let h be r(-6). What are the prime factors of 3 + h/2*-2?
2
Let g be 1*-1*(-2 - 1). Let n = 15 + -9. Let b = g + n. List the prime factors of b.
3
Suppose -4 = 2*a - 0. Let r be (-1)/(2*a/8). Suppose -3*p - r*p + 50 = 0. What are the prime factors of p?
2, 5
What are the prime factors of (-2 - -4) + 88/4?
2, 3
Suppose 2*z - 3 = -z. Let j(i) = 7*i**2 + i. What are the prime factors of j(z)?
2
Let d(w) be the third derivative of -w**5/60 - 7*w**3/6 - 2*w**2. Let c be d(5). List the prime factors of c/6*6/(-4).
2
Suppose 0 = 3*b - 10 - 8. Suppose -f = -b*f, -3*f = 2*c - 48. List the prime factors of c.
2, 3
Suppose -8*a = -14*a + 1116. List the prime factors of a.
2, 3, 31
Let f(c) = c**3 + 3*c**2 - 3*c - 2. Let a be f(-4). Let o = -10 + 18. Let x = a + o. What are the prime factors of x?
2
Let h = 11 + -13. What are the prime factors of -11*(h/(-2) + -2)?
11
Let d be (-128)/(-72) - 4/(-18). Let l be d*(15/(-6) - -2). Let u = 3 + l. List the prime factors of u.
2
Let q(t) = -11*t - 23. List the prime factors of q(-10).
3, 29
Let y(p) = -p**3 - p**2 - p - 13. What are the prime factors of y(-6)?
173
Let x(m) = m**3 - 3*m + 3. What are the prime factors of x(2)?
5
Suppose -x = x. Let a be ((-10)/(-8))/(2/(-8)). Let l = x - a. What are the prime factors of l?
5
Suppose -7 = -q - 2*p, -6*q = -2*q - 5*p + 24. List the prime factors of (0/q - -2) + 8.
2, 5
Suppose 0 = l + l. Suppose 0*j + 5*z = -2*j + 24, l = -5*j + 5*z + 130. What are the prime factors of j?
2, 11
Supp